57 and 18?
9
Calculate the greatest common divisor of 8944 and 1092.
52
Calculate the highest common divisor of 72 and 42768.
72
What is the greatest common factor of 559425 and 75?
75
Calculate the greatest common divisor of 9996 and 112.
28
What is the highest common factor of 246016 and 1664?
128
Calculate the greatest common divisor of 3080 and 4592.
56
Calculate the highest common factor of 483185 and 205.
205
What is the highest common divisor of 370 and 27935?
185
Calculate the greatest common divisor of 687 and 28625.
229
Calculate the highest common divisor of 75448 and 128.
8
What is the greatest common divisor of 944 and 5670608?
944
What is the greatest common factor of 70 and 759745?
35
What is the greatest common factor of 57120 and 13020?
420
What is the greatest common factor of 388928 and 59?
59
What is the greatest common divisor of 384 and 198408?
24
Calculate the highest common factor of 141696 and 632.
8
What is the greatest common divisor of 494 and 2807896?
494
What is the highest common factor of 771 and 1177574?
257
What is the highest common divisor of 67097 and 916?
229
Calculate the highest common factor of 6226 and 1562.
22
What is the highest common factor of 200 and 5080?
40
Calculate the highest common factor of 264 and 4924.
4
What is the greatest common factor of 562578 and 6?
6
Calculate the greatest common factor of 53570 and 2585.
55
What is the greatest common factor of 49724 and 105062?
802
What is the greatest common factor of 325931 and 29?
29
Calculate the highest common factor of 8409 and 18.
3
Calculate the highest common divisor of 48 and 20628.
12
What is the highest common factor of 1633 and 7100?
71
Calculate the highest common factor of 5 and 625.
5
Calculate the greatest common factor of 57 and 441921.
57
Calculate the greatest common divisor of 160 and 1880320.
160
Calculate the greatest common divisor of 130607 and 997.
997
What is the greatest common divisor of 600 and 1058880?
120
What is the greatest common divisor of 339276 and 1568?
196
Calculate the greatest common divisor of 1673 and 3416266.
1673
What is the highest common divisor of 1644 and 174?
6
Calculate the greatest common factor of 3276 and 146484.
468
Calculate the highest common divisor of 1039052 and 2408.
1204
What is the greatest common factor of 23814 and 175518?
882
What is the highest common divisor of 58 and 8232578?
58
What is the highest common factor of 304734 and 12?
6
What is the greatest common factor of 3168 and 5841?
99
Calculate the highest common factor of 609364 and 196.
196
Calculate the greatest common factor of 6892445 and 35.
35
What is the greatest common divisor of 7780 and 260?
20
Calculate the greatest common divisor of 152 and 26584.
8
What is the greatest common factor of 174278 and 26?
26
Calculate the highest common factor of 9773 and 14154.
337
What is the highest common divisor of 106040 and 880?
440
What is the highest common factor of 245922 and 663?
51
Calculate the greatest common factor of 964627 and 403.
31
Calculate the greatest common factor of 222 and 80216.
74
What is the greatest common divisor of 1793 and 15811?
163
What is the greatest common factor of 697 and 240711?
41
Calculate the greatest common divisor of 160096 and 1600.
32
What is the highest common divisor of 450 and 666450?
450
Calculate the greatest common factor of 87 and 54491.
29
What is the highest common divisor of 56 and 8967392?
56
Calculate the highest common divisor of 92 and 159643.
23
What is the highest common factor of 5687 and 235?
47
What is the greatest common divisor of 1427557 and 215?
43
Calculate the greatest common divisor of 33 and 387057.
33
What is the greatest common factor of 38687 and 11?
11
What is the greatest common divisor of 164 and 122672?
164
Calculate the highest common divisor of 646624 and 1002.
334
What is the greatest common divisor of 1505 and 36807785?
1505
What is the highest common factor of 1256705 and 185?
185
Calculate the highest common divisor of 77 and 249536.
7
Calculate the highest common divisor of 345641 and 3284.
821
What is the greatest common factor of 14350 and 5600?
350
What is the greatest common factor of 221 and 1205?
1
Calculate the greatest common factor of 15702 and 54.
6
Calculate the greatest common factor of 3441 and 465.
93
What is the highest common factor of 12419554 and 28?
14
Calculate the greatest common divisor of 1084425 and 4566.
2283
Calculate the greatest common divisor of 20288 and 22190.
634
Calculate the greatest common divisor of 421548 and 12.
12
Calculate the greatest common divisor of 40605 and 885.
15
What is the highest common factor of 325 and 55705?
65
What is the highest common factor of 38 and 152361?
19
Calculate the greatest common factor of 22311 and 16281.
603
Calculate the greatest common factor of 4716 and 2.
2
What is the highest common divisor of 488 and 46104?
8
What is the highest common divisor of 12700 and 623570?
1270
What is the greatest common factor of 306 and 672?
6
Calculate the highest common factor of 784 and 1118432.
112
Calculate the highest common divisor of 1489760 and 800.
160
Calculate the highest common factor of 1219 and 1449.
23
What is the highest common factor of 516426 and 1952?
122
Calculate the highest common divisor of 803 and 1306481.
803
Calculate the greatest common factor of 26 and 240362.
2
What is the greatest common factor of 47539 and 347?
347
Calculate the highest common factor of 8169 and 903.
21
Calculate the highest common factor of 847 and 23111.
121
Calculate the greatest common divisor of 21 and 1073289.
21
Calculate the greatest common factor of 65 and 3822.
13
What is the greatest common divisor of 1575 and 145?
5
Calculate the highest common factor of 372345 and 515.
515
What is the greatest common factor of 3512247 and 471?
471
Calculate the greatest common factor of 602 and 13932.
86
Calculate the greatest common factor of 91 and 26689.
13
What is the greatest common factor of 10 and 9775?
5
What is the greatest common divisor of 37506 and 190?
38
Calculate the highest common factor of 5989 and 1017.
113
Calculate the greatest common factor of 55566 and 234.
18
What is the highest common divisor of 302061 and 3531?
321
What is the highest common factor of 8873222 and 258?
86
Calculate the greatest common divisor of 18700 and 41650.
850
Calculate the highest common factor of 20927 and 68.
17
Calculate the greatest common divisor of 7335 and 180.
45
Calculate the greatest common divisor of 41 and 30791.
41
Calculate the highest common divisor of 861 and 175.
7
What is the highest common factor of 255578 and 68?
34
Calculate the highest common factor of 1416785 and 895.
895
Calculate the highest common divisor of 364 and 1742.
26
What is the greatest common factor of 2780 and 2560?
20
Calculate the greatest common factor of 233234 and 2770.
554
Calculate the highest common factor of 60 and 756960.
60
What is the greatest common divisor of 1805 and 688788?
361
What is the highest common factor of 608 and 19616?
32
Calculate the highest common factor of 264 and 105204.
132
Calculate the greatest common factor of 3753 and 15151.
139
Calculate the highest common factor of 1566 and 102.
6
Calculate the highest common factor of 1200 and 9375.
75
Calculate the highest common factor of 6 and 1192566.
6
Calculate the greatest common divisor of 37076 and 368.
92
Calculate the greatest common divisor of 2765 and 35.
35
What is the greatest common divisor of 285352 and 424?
424
Calculate the highest common divisor of 891 and 77319.
99
Calculate the greatest common factor of 1035 and 2001897.
207
What is the highest common divisor of 414 and 1045074?
138
Calculate the greatest common divisor of 2 and 5117.
1
Calculate the highest common factor of 3343003 and 367.
367
What is the highest common factor of 44992 and 12?
4
Calculate the highest common factor of 190469 and 316.
79
What is the greatest common factor of 232160 and 320?
160
Calculate the highest common divisor of 37200 and 48.
48
Calculate the greatest common factor of 151641 and 87.
87
What is the greatest common factor of 10 and 274316?
2
What is the greatest common divisor of 1530 and 94095?
765
What is the greatest common div